and f.
16
Let q(r) = 22*r**2 - 5*r - 3. Let v be q(-1). Calculate the highest common divisor of v and 60.
12
Let v be (-5)/(-2)*(10 - 8). Calculate the greatest common divisor of v and 40.
5
Let g be (4 + -3)*(-1 + 3). What is the greatest common factor of 2 and g?
2
Let i = -35 + 61. Calculate the highest common divisor of i and 39.
13
Suppose -3*s = -2*l + 108, 3*l - 2*s = 5*l - 128. Let o = 4 + -3. Let c be l/(-14)*(o + -15). Calculate the greatest common factor of 15 and c.
15
Let y(f) = -f**3 + 2*f**2 + f - 3. Let u be y(3). Let s = u + 11. Suppose -3*j + 50 = s*j. What is the highest common divisor of 15 and j?
5
Let o(j) = 7*j**2 + 11*j - 10. Let l be o(-6). What is the highest common factor of l and 16?
16
Let p = -47 + 83. Suppose 2*z = -0*z + p. Calculate the greatest common divisor of 27 and z.
9
Let s(t) = -t**2 - 15*t - 26. Let a be s(-9). Calculate the highest common divisor of a and 224.
28
Suppose 2*w + 2 - 6 = -2*g, -5*w = -4*g - 19. Suppose w*o = 6*o - 15. Suppose -60 = -3*l - 15. Calculate the greatest common factor of o and l.
5
Let b be 26/2 - (8 - 5). Calculate the greatest common divisor of 110 and b.
10
Let c = -7 + 7. Let o = c - -2. Let z = -1 - -4. What is the highest common factor of z and o?
1
Suppose 2*w - 2 - 4 = 0. Suppose 0 = w*l - 7 - 56. Calculate the highest common factor of l and 63.
21
Let i be (-4 - (-46 + -4)) + -1. Suppose 5*s - v = 80, 0*v + 35 = 3*s + 2*v. Let l = 0 + s. What is the greatest common factor of i and l?
15
Suppose 66 = 5*k - 9. Let v(g) = 2*g + 43. Let r be v(16). What is the greatest common divisor of k and r?
15
Suppose -26 = -2*h + 30. Let i = 5 + 9. What is the greatest common divisor of h and i?
14
Let b be ((-4)/9)/(3/(-45))*3. Calculate the highest common factor of 4 and b.
4
Suppose 2*y + 0*c = 4*c + 24, 0 = 3*y - 2*c - 56. Suppose -3*r + 17 + y = 0. Let z(s) = 13*s. Let g be z(1). Calculate the greatest common factor of g and r.
13
Suppose -2*v + 0*v + 40 = 0. What is the highest common factor of v and 220?
20
Suppose 2*x - 100 = -2*v, -x - 150 = -4*x - v. What is the greatest common factor of x and 300?
50
Let i(z) be the first derivative of -3 + 2*z**3 + 0*z - 3/2*z**2. Let k be i(2). Calculate the highest common divisor of k and 27.
9
Suppose 3*v - 31 = -s, -4*s = 5*v - 32 - 113. Suppose 5*a - 116 = 2*t - 30, 0 = -a + t + 19. Calculate the highest common divisor of s and a.
8
Let f be (-2)/(-1) + 2 + 1. Let b = -119 + 69. Let k be (b/8)/(-5)*44. Calculate the highest common factor of f and k.
5
Suppose 5*h + 5*f - 294 = -64, -3*h + 138 = -3*f. Calculate the highest common divisor of h and 115.
23
Let d be (-8)/(-28) + 122/14. Let l(m) = -m**2 - 2*m + 9. Let y be l(6). Let r be ((-18)/(-3))/(-2) - y. Calculate the greatest common divisor of r and d.
9
Suppose 5*u = 2*c - 92, -49 = -c - 0*u + 4*u. Let n = c - 23. Let x be ((-1)/(-2))/(1/4). Calculate the highest common factor of n and x.
2
Suppose 3*j = 4*j + k + 12, 5*j + 3*k = -52. Let m = j - -16. What is the highest common factor of 8 and m?
8
Let x = 6 + -3. Suppose x*f = f. Suppose -c = -f - 1. Calculate the highest common factor of c and 2.
1
Let s = 5 - -4. Let t be (-260)/(-15) - 2/(-3). What is the highest common factor of t and s?
9
Let a(v) = -87*v**3 - 2*v**2 - v. Let n be a(-1). Calculate the highest common factor of 43 and n.
43
Suppose -6 - 6 = -2*g. Let r be ((-60)/25)/(g/(-100)). Calculate the greatest common divisor of 10 and r.
10
Let l = -5 - -13. Let r = 102 + l. Calculate the highest common divisor of r and 10.
10
Let k(a) = -a - 3. Let y be k(-6). Let f(o) = 1 - y*o - 1 - 3. Let w be f(-6). What is the greatest common divisor of w and 120?
15
Let i be 57 - (1 - (-2 - (-2 - -2))). Calculate the highest common divisor of 36 and i.
18
Let a(y) = -2*y - 3. Let q be a(-3). Let b = -2 + 0. Let l = b + q. Calculate the greatest common divisor of 1 and l.
1
Let w(t) = t**2 + 3*t - 1. Let v be w(-4). Calculate the highest common factor of 1 and v.
1
Let w = 12 + -8. Calculate the highest common divisor of w and 24.
4
Let x = -13 + -3. Let t be 5 + -5 - (x - 1). Suppose 0*b = j + 3*b - 113, -2*b = 4*j - 472. What is the highest common divisor of t and j?
17
Let c = 2 + 3. Suppose -c*m + 721 = 226. What is the highest common factor of m and 11?
11
Let i(r) = -8*r - 28. Let g be i(-8). Calculate the highest common divisor of g and 252.
36
Let t(p) = 2*p + 40. Let s be t(0). Calculate the greatest common factor of s and 40.
40
Suppose -3*h + 8*h - 5*r + 165 = 0, 146 = -4*h - 3*r. Let v = 60 + h. What is the highest common divisor of v and 10?
5
Let q be (2/6)/(-1)*-6. Let v(a) = 6*a + 3 + a**q + 0 + 2. Let n be v(-6). What is the highest common divisor of n and 25?
5
Let k(j) = j**3 + 6*j**2 - 4*j. Let t be k(-6). Suppose 4*l - 9 = 3. What is the highest common factor of t and l?
3
Let z = -24 + 26. Suppose -u = -z*u + 56. What is the greatest common divisor of 7 and u?
7
Let y be 2/(-5)*-5 - -2. What is the highest common factor of 44 and y?
4
Let p be (-3)/(-9) + 26/3. Calculate the greatest common divisor of 63 and p.
9
Suppose 6 = -2*p - 3*a, -p - 37 = 4*p + 2*a. Let w(l) = -l**3 - 9*l**2 - 4*l + 13. Let g be w(p). Calculate the highest common factor of 7 and g.
7
Let m = -73 - -103. Let l(z) = -3*z**3 - 2*z**2 - z + 2. Let s be l(-2). What is the highest common divisor of s and m?
10
Let f(q) = -q**3 + 6*q**2 - 7*q + 4. Let w be f(4). Let g = 79 + -114. Let j = 91 + g. What is the greatest common factor of j and w?
8
Suppose 2*j - 1 = 3. Suppose j*l + 0*l - 26 = 0. Let h(b) = -b + 47. Let u be h(-5). Calculate the greatest common factor of u and l.
13
Let n be 14/3 - 3/(-9). Let l = -18 - -33. What is the greatest common divisor of n and l?
5
Suppose -2*u = u - 21. Let k = -3 + 3. Suppose -3*a + k*h = 4*h - 46, 73 = 5*a + 3*h. What is the greatest common divisor of u and a?
7
Let t = 0 + 5. Let f be (1 - 30)/(t/(-5)). Suppose 0 = -2*w + 41 + f. Calculate the greatest common factor of w and 14.
7
Let c(g) = -g**2 + 9*g + 13. Let h(a) = -3*a**2 + 26*a + 38. Let k(n) = 17*c(n) - 6*h(n). Let x be k(6). What is the highest common divisor of 121 and x?
11
Suppose 183 + 7 = 5*h. What is the highest common divisor of 190 and h?
38
Suppose -4*p + 2*g + 0*g + 14 = 0, 0 = -p - 2*g + 6. Let q be 2/(-4) - 7/14. Let a be q/1 + (-132)/(-4). Calculate the greatest common divisor of p and a.
4
Let a = -13 - -21. What is the highest common divisor of 24 and a?
8
Suppose -11*w = -2*w - 270. What is the greatest common divisor of w and 210?
30
Suppose 2*r - 56 = 2*k, -3*k = -r - 0 + 28. Calculate the highest common divisor of r and 42.
14
Suppose -5*j + 14 = 5*c - j, 0 = -c - 2*j - 2. What is the highest common factor of 2 and c?
2
Suppose -5*r = -3*r - 80. What is the highest common factor of 16 and r?
8
Suppose -3*r + 4*w + 4 = -6, 3*r = -2*w + 4. Let m be (r - 2)/(-3 - -1). Let l = m - -5. Calculate the greatest common divisor of 1 and l.
1
Suppose -3*l + g + 66 = -2*g, 85 = 4*l - g. Suppose 2*p = -l + 7. Let r(o) = -9*o + 9. Let j be r(p). Calculate the greatest common factor of j and 8.
8
Let w = 56 - 30. Calculate the highest common divisor of 65 and w.
13
Suppose 3*p - 8 = 7. Suppose -5*q + 4*q = 0. Let z be 35 + 3 + q + 2. Calculate the highest common factor of p and z.
5
Suppose 0*b - 30 = -5*b. Suppose 140 = b*r - r. What is the greatest common factor of r and 224?
28
Suppose 0 = -0*c - 3*c + 12. Suppose 2*m - 13 = -a + 2, -4*a = 3*m - 10. Let x = m + -9. Calculate the greatest common divisor of x and c.
1
Suppose -2*y = 5*o + 24 + 2, 5*y = o - 119. Let b = y - -38. Calculate the highest common factor of 6 and b.
3
Let p = 34 + -22. What is the greatest common factor of p and 8?
4
Suppose 0 = -3*n - 2*x + 170, -x = 5*n - 433 + 138. What is the highest common divisor of n and 40?
20
Let x = 3 - -23. Calculate the highest common factor of x and 39.
13
Let c be 4/(-14) - 2/(-7). Let v be 0/1 - (c - 4). Calculate the highest common divisor of v and 8.
4
Let u(c) = 12*c - 39. Let p be u(12). Calculate the highest common factor of 30 and p.
15
Suppose -5*v + 12 + 148 = 0. What is the highest common divisor of 96 and v?
32
Let w = -15 + 21. Let t = -36 + 111. Suppose -t = p - w*p. What is the highest common divisor of 15 an